34 = 6*v - 5*v + 5*l. What is the units digit of v?
9
Suppose 0 = 2*l - 2, -2*l - 1416 = -3*k + l. What is the hundreds digit of k?
4
What is the units digit of 9033*8/168 - (-2)/(-14)?
0
Suppose 4*a = 582 - 58. What is the hundreds digit of a?
1
What is the hundreds digit of 8/(-28) + (-3534)/(-21)?
1
Let m = -17 - -29. What is the units digit of (-126)/(-4) + 18/m?
3
Suppose 28 = 2*b + 2*b. Let v(q) = q**2 - 3*q - 6. Let f(n) = 2*n**2 - 7*n - 13. Let i(d) = b*v(d) - 3*f(d). What is the tens digit of i(5)?
2
Let l(u) = u**3 - 5*u**2 + 7*u - 8. Let i be (8/(-20))/((-4)/40). Let z be l(i). What is the tens digit of 24*-4*z/(-12)?
3
Let i be (-26)/(-4) + 39/(-26). Suppose -v + 261 = 4*h + h, 20 = -i*v. What is the tens digit of h?
5
Let g(f) = -5*f**2 + 4*f**2 + 4*f**2 + 17 + 2*f - f**2. What is the tens digit of g(0)?
1
Let u(r) = -407*r + 15. Let b be u(5). What is the tens digit of 4/14 - b/35?
5
Let c = -687 + 1567. What is the tens digit of c?
8
Let a(w) = 17*w + 34. Let l be a(16). Let r = l + -144. What is the units digit of r?
2
Let g = -3548 + 5976. What is the tens digit of g?
2
Let j = -47 + 539. Let c = 706 - j. What is the hundreds digit of c?
2
Suppose 0 = -4*q + 11 + 9. Suppose 4*y + 5*s = 887, -680 = -q*y + 5*s + 395. What is the units digit of y?
8
What is the hundreds digit of -1 - (-693 + (-5 - -4))?
6
Let f be 5/2*(-152)/(-5). What is the tens digit of -4 - -3 - (-2 - (-1 + f))?
7
Let u = 4946 - 50. What is the thousands digit of u?
4
Let r = -3 - -7. Let q = r - 1. Suppose 32 = q*b + 4*m, 3*m - 8 - 7 = 0. What is the units digit of b?
4
Suppose -4 = -5*t + 1. Let u(q) = -q**2 - 1. Let y be u(t). What is the units digit of 1 - y/(-4)*-2?
2
Let v be (-2216)/(-14) + (-10)/(-14) + -1. Let t = v - 91. What is the units digit of t?
7
Suppose 4*l = -l + 4*m + 1341, -2*l + 2*m = -538. What is the tens digit of l?
6
Let q = 1863 - 430. What is the thousands digit of q?
1
Suppose -17 = 5*a - 12. What is the units digit of a*14/35 - (-477)/5?
5
Let w be 90 - (4/(-2))/(-2). Suppose 0*n + n + 45 = 0. Let c = n + w. What is the units digit of c?
4
Let q = 1401 - -3331. What is the hundreds digit of q?
7
Suppose 14 = y - 4*s, -y + 4*s = -3*y - 8. Let u be (-40)/15*y*6. Let w = u - -66. What is the units digit of w?
4
Let p(w) = 69*w + 52. What is the units digit of p(16)?
6
Suppose 5*b - 27 = -2*n, -n = -4*b + n + 36. Suppose -b*g = -3*g + 80. What is the tens digit of g*((-14)/4 - -3)?
1
Suppose -5*p - 5*z = -2*z - 12, 5*z = 5*p + 20. Suppose p = -2*m - v - 2*v - 148, -4*m = -3*v + 260. Let l = m - -137. What is the units digit of l?
9
Suppose -30*n - 9318 = -36*n. What is the units digit of n?
3
Let f(k) = 92 + k - 182 + 132. What is the tens digit of f(-14)?
2
Suppose 3*o = 4*o - 2. Let s(y) = 3*y - 7*y**o + 9*y**2 + y**3 - 6 + 9*y**2. What is the tens digit of s(-10)?
6
Suppose 577 = 3*c + 2*c - 2*j, 2*c - 4*j - 218 = 0. Suppose -5*m - q = -3*q - 87, -m - 3*q + 14 = 0. Suppose c = 5*y + m. What is the units digit of y?
0
What is the units digit of (-50455)/(-45) + (-30)/135?
1
Suppose -4*n - 688 = -2*f, -f + 43 = 5*n + 903. Let i = n - -298. What is the tens digit of i?
2
Let l = -8 - -8. Suppose l*j = -4*j - 5*x + 347, 25 = -5*x. What is the units digit of j?
3
Suppose 20690 = -43*r + 53*r. What is the thousands digit of r?
2
Suppose -35 = v - 109. Let d = v - 34. What is the tens digit of d?
4
Let d be (342/4)/((10/2)/10). Let n = d - 61. What is the hundreds digit of n?
1
Let o(u) = 5*u**2 - 1. Let y be o(2). Suppose -97 = -2*a + y. What is the tens digit of a?
5
Suppose -5*t - 19 - 12 = -4*k, -4*k + 2*t + 22 = 0. Suppose 11*n = k*n + 126. What is the units digit of n?
8
Let j(g) = 4*g**3 + 18*g**2. Let n(u) = u**3 + 6*u**2. Let v(b) = 2*j(b) - 7*n(b). What is the units digit of v(7)?
9
Suppose 0 = 5*l, 7355 = 5*c + 4*l - 19795. What is the units digit of c?
0
Let r(g) = -209*g - 220. What is the tens digit of r(-8)?
5
Let h(g) = -50*g**2 + g - 18. Let b(c) = c**2 - c + 1. Let t(o) = -5*b(o) - h(o). What is the tens digit of t(-2)?
8
Suppose 0 = -2*s - 2*s + 1280. Suppose -8*g = -3*g - s. What is the tens digit of g?
6
Let o(u) = u**2 - 5*u + 5. Let p be o(5). Suppose p*h - 88 = -28. What is the tens digit of (h + -4)/(2/4)?
1
Suppose 0 = -3*h + 4*r + 2584, 0*h = 2*h - 2*r - 1720. What is the tens digit of h?
5
Let w be (-5)/((-40)/(-1706))*4/(-1). Suppose 157 + w = 10*o. What is the hundreds digit of o?
1
Let a = -12 - -17. Suppose -4*g + 0*l + 296 = -a*l, -296 = -4*g + 3*l. What is the tens digit of g?
7
Suppose -2*l + 25 = -85. Let z be (-4)/(-22) - 10185/l. What is the tens digit of 3/(-12) - z/4?
4
Let u = -3 + 4. Suppose g + 0 = u. What is the tens digit of (-3 - -31)*(0 + g)?
2
Let c(u) = -u**3 - 10*u**2 - 10*u - 3. Let x be c(-9). Let p = 67 - x. What is the units digit of p?
1
Let g be 4280/14 - 8/(-28). Suppose 2*p - 6*p = k - 59, 4*k + 2*p = g. What is the tens digit of k?
7
What is the thousands digit of (25/10 - 1)/(15/32950)?
3
Suppose 3*p = -5 + 5. Suppose p = 2*f - 59 - 173. What is the hundreds digit of f?
1
Let y(n) = -34*n + 8. Let p be y(-7). Suppose 0 = 4*v - 50 + p. Let m = v - -73. What is the tens digit of m?
2
Let j be 3 + 5/((-5)/14). Let z(a) = 6 - a - 3*a + 0*a + a. What is the tens digit of z(j)?
3
Suppose -70 - 7652 = -11*r. What is the units digit of r?
2
Suppose 793*m - 788*m - 27575 = 0. What is the hundreds digit of m?
5
Let t(l) = 45*l + 2. Let o be t(1). What is the tens digit of 5*8/20*(o + 0)?
9
Suppose -5*k = -24*k + 3933. What is the hundreds digit of k?
2
Suppose 592 = 4*t + 56. What is the units digit of t?
4
Let r = 1231 + -675. Suppose -9*d + 776 + r = 0. What is the hundreds digit of d?
1
Let c(d) = -2*d**3 - 6*d**2 + d + 5. Let x be c(-4). What is the tens digit of (-4)/(-3*(-3 + 101/x))?
2
Suppose 6*t - 3*t = -9. Let c(w) = 3*w**2 + 6*w + 10. Let k be c(t). Suppose 2*x - k = x. What is the units digit of x?
9
Let q be 16/4 - (0 - -1). Suppose 0 = 17*u - 43 - 42. Suppose 2*w = 6*w - u*y - 190, q*w + 5*y = 125. What is the units digit of w?
5
Let c(s) = 2*s**2 - 142*s + 274. What is the tens digit of c(72)?
1
Suppose -4*k - 11*k + 17460 = 0. What is the units digit of k?
4
What is the hundreds digit of 0/((-4)/(-4 - -6)) - -4272?
2
Suppose 3*c - 27 = -p, 0 = 4*p + p - 4*c - 97. Let j = -15 + p. What is the tens digit of 35 + 3/(j/(-4))?
3
Let m(w) = w**2 + 3*w + 4. Let r be m(-3). Suppose 7*h - r*h = 141. What is the tens digit of h?
4
What is the hundreds digit of (34*3/6)/((-25)/(-2725))?
8
Let f = 168 - 49. What is the tens digit of f?
1
Let w = 87 + -51. What is the tens digit of 1*w + (-8)/(-2)?
4
Let y(k) = 6*k**2 + k - 3. What is the tens digit of y(-6)?
0
Let j(y) = -6*y**3 - y**2 - y + 6. Let p(l) = -7*l**3 - 2*l**2 - l + 7. Let a = 21 - 15. Let f(c) = a*j(c) - 5*p(c). What is the units digit of f(2)?
7
Let a = 4487 - 2942. What is the hundreds digit of a?
5
What is the hundreds digit of (-230)/(-14)*(61 - 47)?
2
Let z be 1/(-5 - (-1 - 3)). Let w be z/4 + (-1592)/32. What is the tens digit of ((-108)/(-15))/((-15)/w)?
2
Suppose 7*q - 570 = -y + 11*q, 2*y = -q + 1131. What is the hundreds digit of y?
5
Suppose 19*d - 24036 = 3210. What is the tens digit of d?
3
Suppose 41*c + 64599 - 206705 = 0. What is the units digit of c?
6
Let f be 2/(-1)*(-42)/28. Suppose 2*b + 72 = f*u, -4 = -2*u + 5*b + 44. Suppose -x + 7*x = u. What is the units digit of x?
4
Let w = 73 + 1436. What is the units digit of w?
9
What is the tens digit of 350/5*(-16)/(-20)?
5
Suppose 3*f = 3*y + 18, -y = 5*f + 4*y - 10. Suppose -f*g = -0*g. Suppose -p - 4*j + 18 + 8 = g, 16 = p - j. What is the units digit of p?
8
Let d be ((-9)/15)/((-5)/150). Suppose -3*r + 3 = -d. Suppose 3*v - r*v = -196. What is the tens digit of v?
4
Let t(q) = q**3 - 2*q**2 - 10*q. Let g be t(4). What is the tens digit of ((-438)/g)/(6 + (-270)/48)?
4
Let l be ((11 - 12)/(1/2))/1. What is the units digit of (2/(-2) - l)*179?
9
Let a = 208 + 118. What is the hundreds digit of a?
3
Suppose 1660 = 3*k - 4*j, 0 = -4*k + 6*j - 4*j + 2210. What is the units digit of k?
2
Let c(v) be the third derivative of v**5/60 - v**4/8 - v**3/6 + 22*v**2. What is the tens digit of c(6)?
1
Let s(a) be the second derivative of -a**3/6 + a**2/2 - 12*a. 